{"id":25,"date":"2016-04-29T17:48:16","date_gmt":"2016-04-29T15:48:16","guid":{"rendered":"http:\/\/localhost\/florella.pl\/?page_id=25"},"modified":"2025-08-26T12:13:32","modified_gmt":"2025-08-26T12:13:32","slug":"szkola-plywania","status":"publish","type":"page","link":"https:\/\/uksfala.com.pl\/szkola-plywania\/","title":{"rendered":"Szko\u0142a p\u0142ywania"},"content":{"rendered":"<section class=\"l-section wpb_row height_large color_primary with_img parallax_ver\"><div class=\"l-section-img\" style=\"background-image: url(https:\/\/uksfala.com.pl\/szkola-plywania\/wp-content\/uploads\/2019\/08\/IMG_7537.jpg);background-position: bottom center;\" data-img-width=\"3024\" data-img-height=\"4032\"><\/div><div class=\"l-section-h i-cf\"><div class=\"g-cols vc_row via_flex valign_middle type_default stacking_default\"><div class=\"vc_col-sm-12 wpb_column vc_column_container\"><div class=\"vc_column-inner\"><div class=\"wpb_wrapper\"><h1 class=\"w-post-elm post_title us_custom_62fa932f align_center entry-title color_link_inherit\">Szko\u0142a p\u0142ywania<\/h1><ol class=\"g-breadcrumbs us_custom_ea2be81a separator_icon align_center\" itemscope itemtype=\"http:\/\/schema.org\/BreadcrumbList\"><li class=\"g-breadcrumbs-item\" itemscope itemprop=\"itemListElement\" itemtype=\"http:\/\/schema.org\/ListItem\"><a itemprop=\"item\" href=\"https:\/\/uksfala.com.pl\/szkola-plywania\/\"><span itemprop=\"name\">Strona g\u0142\u00f3wna<\/span><\/a><meta itemprop=\"position\" content=\"1\"\/><\/li><li class=\"g-breadcrumbs-separator\"><i class=\"material-icons\">chevron_right<\/i><\/li><li class=\"g-breadcrumbs-item\">Strony<\/li><\/ol><\/div><\/div><\/div><\/div><\/div><\/section><section class=\"l-section wpb_row height_medium\"><div class=\"l-section-h i-cf\"><div class=\"g-cols vc_row via_flex valign_top type_default stacking_default\"><div class=\"vc_col-sm-12 wpb_column vc_column_container\"><div class=\"vc_column-inner\"><div class=\"wpb_wrapper\"><div class=\"wpb_text_column\"><div class=\"wpb_wrapper\"><h2 style=\"text-align: center;\">Informacje og\u00f3lne<\/h2>\n<blockquote>\n<p>P\u0142ywanie to nasza pasja! Mimo \u017ce brzmi jak bana\u0142 i wszyscy tak m\u00f3wi\u0105, to u nas naprawd\u0119 mo\u017cna poczu\u0107 to na w\u0142asnej sk\u00f3rze!<\/p>\n<\/blockquote>\n<p style=\"text-align: center;\"><strong>Zaj\u0119cia w grupach zaczynamy od 8 wrze\u015bnia 2025r.<\/strong><\/p>\n<h2 style=\"text-align: center;\">Jak wybra\u0107 grup\u0119?<\/h2>\n<p style=\"text-align: center;\"><em>W pierwszej kolejno\u015bci wybierz grup\u0119 zgodnie z wiekiem swojego dziecka, zadzwonimy do Ciebie i na podstawie wywiadu i naszego do\u015bwiadczenia zweryfikujemy czy grupa jest odpowiednia. Podczas zaj\u0119\u0107 Instruktorzy na bie\u017c\u0105co oceniaj\u0105 umiej\u0119tno\u015bci dzieci i w razie potrzeby zaproponuj\u0105 zmian\u0119 grupy.<\/em><\/p>\n<h3 style=\"text-align: center;\">DNI OTWARTE:<\/h3>\n<p style=\"text-align: center;\">2-5 wrze\u015bnia w godzinach 16:00-17:30 mo\u017cna skorzysta\u0107 z mo\u017cliwo\u015bci test\u00f3w i oceny umiej\u0119tno\u015bci dziecka<\/p>\n<p style=\"text-align: center;\"><em>Mamy wiele grup i elastyczne podej\u015bcie do dzieci, ich komfort i mo\u017cliwo\u015b\u0107 nauki i rozwoju s\u0105 najwa\u017cniejsze. W przypadku szybkich post\u0119p\u00f3w proponujemy zmiany grupy i indywidualne rozwi\u0105zania tak\u017ce w trakcie trwania semestru.<\/em><\/p>\n<p><strong>Szko\u0142a P\u0142ywania<\/strong> to rekreacyjna forma zaj\u0119\u0107 na ka\u017cdym poziomie \u2013 od podstaw po zaawansowane techniki p\u0142ywackie i profesjonalne treningi. Szko\u0142a P\u0142ywania oferuje nauk\u0119 zar\u00f3wno w grupach, jak i w formie indywidualnej.<\/p>\n<p>Ka\u017cdy poziom to r\u00f3\u017cne cele! Dla pocz\u0105tkuj\u0105cych najwa\u017cniejsze jest <em>pozbawienie l\u0119ku przed wod\u0105<\/em>, kolejne etapy to <em>nauczenie prawid\u0142owej techniki<\/em> wszystkich naszych podopiecznych, aby w pe\u0142ni i bezpiecznie mogli korzysta\u0107 z dobroczynnych urok\u00f3w wody.<\/p>\n<h2 style=\"text-align: center;\">Dlaczego warto wybra\u0107 nasz\u0105 Szko\u0142\u0119 P\u0142ywania?<\/h2>\n<p><strong>Do\u015bwiadczona Kadra Instruktor\u00f3w<\/strong>: Nasza wykwalifikowana kadra instruktor\u00f3w to pasjonaci p\u0142ywania z wieloletnim do\u015bwiadczeniem. Ka\u017cdy z naszych instruktor\u00f3w posiada certyfikaty potwierdzaj\u0105ce ich umiej\u0119tno\u015bci i wiedz\u0119, a przede wszystkim potrafi\u0105 stworzy\u0107 przyjazn\u0105 i motywuj\u0105c\u0105 atmosfer\u0119 na basenie.<\/p>\n<p><strong>Indywidualne Podej\u015bcie:<\/strong> Rozumiemy, \u017ce ka\u017cda osoba jest inna i ma swoje tempo nauki. Dlatego dostosowujemy nasze zaj\u0119cia do Twoich potrzeb i umiej\u0119tno\u015bci. Niezale\u017cnie od tego, czy dopiero zaczynasz swoj\u0105 przygod\u0119 z p\u0142ywaniem, czy chcesz doskonali\u0107 swoje techniki, mamy dla Ciebie odpowiednie zaj\u0119cia.<\/p>\n<p><strong>Bezpiecze\u0144stwo na Pierwszym Miejscu:<\/strong> Bezpiecze\u0144stwo naszych uczestnik\u00f3w to nasz priorytet. Dysponujemy nowoczesnym sprz\u0119tem p\u0142ywackim i stosujemy najwy\u017csze standardy bezpiecze\u0144stwa, aby zapewni\u0107 komfort i spok\u00f3j podczas nauki.<\/p>\n<p><strong>Dywersyfikacja Zaj\u0119\u0107:<\/strong> Opr\u00f3cz tradycyjnych lekcji p\u0142ywania organizujemy tak\u017ce p\u00f3\u0142kolonie i obozy sportowe. To \u015bwietna okazja, aby rozwija\u0107 swoje umiej\u0119tno\u015bci wodne i czerpa\u0107 jeszcze wi\u0119cej rado\u015bci z czasu sp\u0119dzonego na basenie. Dla naszych Zawodnik\u00f3w opr\u00f3cz trening\u00f3w p\u0142ywackich prowadzimy \u0107wiczenia og\u00f3lnorozwojowe, niezb\u0119dne do poprawy wynik\u00f3w w wodzie.<\/p>\n<p><strong>Przyjazna Atmosfera<\/strong>: Nasza szko\u0142a to nie tylko miejsce nauki, ale r\u00f3wnie\u017c spo\u0142eczno\u015b\u0107 pasjonat\u00f3w p\u0142ywania. Tworzymy przyjazn\u0105 i wspieraj\u0105c\u0105 atmosfer\u0119, gdzie ka\u017cdy znajdzie swoje miejsce i b\u0119dzie m\u00f3g\u0142 rozwija\u0107 si\u0119 w komfortowym otoczeniu.<\/p>\n<p>Najm\u0142odsza grupa Krewetek ma zaj\u0119cia na basenie rekreacyjnym, dzieci oswojone z wod\u0105 maj\u0105 od razu zaj\u0119cia na du\u017cym basenie, w grupie jest dw\u00f3ch instruktor\u00f3w, kt\u00f3rzy ucz\u0105 z wody i pomagaj\u0105 dzieciom oswoi\u0107 si\u0119 z ni\u0105. Nasze do\u015bwiadczenie pokazuje, \u017ce zbyt d\u0142uga nauka w basenie rekreacyjnym mo\u017ce utrudni\u0107 dzieciom przej\u015bcie na du\u017cy basen, dzieci zbytnio przyzwyczajaj\u0105 si\u0119 do cieplejszej wody i d\u0142u\u017cej trwa proces adaptacji.<\/p>\n<\/div><\/div><\/div><\/div><\/div><\/div><\/div><\/section><!-- Row Backgrounds --><div class=\"upb_color\" data-bg-override=\"0\" data-bg-color=\"#e5e5e5\" data-fadeout=\"\" data-fadeout-percentage=\"30\" data-parallax-content=\"\" data-parallax-content-sense=\"30\" data-row-effect-mobile-disable=\"true\" data-img-parallax-mobile-disable=\"true\" data-rtl=\"false\"  data-custom-vc-row=\"\"  data-vc=\"6.7.0\"  data-is_old_vc=\"\"  data-theme-support=\"\"   data-overlay=\"false\" data-overlay-color=\"\" data-overlay-pattern=\"\" data-overlay-pattern-opacity=\"\" data-overlay-pattern-size=\"\"    ><\/div><section class=\"l-section wpb_row height_medium\"><div class=\"l-section-h i-cf\"><div class=\"g-cols vc_row via_flex valign_top type_default stacking_default\"><div class=\"vc_col-sm-12 wpb_column vc_column_container\"><div class=\"vc_column-inner\"><div class=\"wpb_wrapper\"><div class=\"wpb_text_column\"><div class=\"wpb_wrapper\"><h3 style=\"text-align: center;\">Opis grup:<\/h3>\n<table cellspacing=\"0\" cellpadding=\"0\">\n<tbody>\n<tr>\n<td valign=\"top\"><span style=\"color: #000000; font-family: Helvetica Neue; font-size: small;\">30\u2019<\/span><\/td>\n<td valign=\"top\"><span style=\"color: #000000; font-family: Helvetica Neue; font-size: small;\">Krewetki:<\/span><\/td>\n<td valign=\"top\">wtorek, czwartek, niedziela &#8211; basen rekreacja; 3-5 lat<br \/>\nZabawa, oswajanie z wod\u0105 w ciep\u0142ym basenie: dzieci, kt\u00f3re boj\u0105 si\u0119 du\u017cego basenu<\/td>\n<td valign=\"top\"><\/td>\n<td valign=\"top\"><\/td>\n<td valign=\"top\"><\/td>\n<td valign=\"top\"><\/td>\n<td valign=\"top\"><span style=\"color: #000000; font-family: Helvetica Neue; font-size: small;\">17:00<\/span><\/td>\n<\/tr>\n<tr>\n<td valign=\"top\"><span style=\"color: #000000; font-family: Helvetica Neue; font-size: small;\">30\u2019<\/span><\/td>\n<td valign=\"top\"><span style=\"color: #000000; font-family: Helvetica Neue; font-size: small;\">Neonki<\/span><\/td>\n<td colspan=\"5\" valign=\"top\">Poniedzia\u0142ek, \u015broda, pi\u0105tek: Dzieci 5-6 lat na du\u017cym basenie, nie umiej\u0105ce p\u0142ywa\u0107, oswojone z wod\u0105<\/td>\n<td valign=\"top\"><span style=\"color: #000000; font-family: Helvetica Neue; font-size: small;\">17:00<\/span><\/td>\n<\/tr>\n<tr>\n<td valign=\"top\"><span style=\"color: #000000; font-family: Helvetica Neue; font-size: small;\">30\u2019<\/span><\/td>\n<td valign=\"top\"><span style=\"color: #000000; font-family: Helvetica Neue; font-size: small;\">Koniki morskie<\/span><\/td>\n<td colspan=\"5\" valign=\"top\">Poniedzia\u0142ek, wtorek, \u015broda, czwartek, pi\u0105tek, niedziela &#8211; 6-8 lat pocz\u0105tki nauki na du\u017cym basenie<\/td>\n<td valign=\"top\"><span style=\"color: #000000; font-family: Helvetica Neue; font-size: small;\">17:30<\/span><\/td>\n<\/tr>\n<tr>\n<td valign=\"top\"><span style=\"color: #000000; font-family: Helvetica Neue; font-size: small;\">30\u201d<\/span><\/td>\n<td valign=\"top\"><span style=\"color: #000000; font-family: Helvetica Neue; font-size: small;\">P\u0142otki<\/span><\/td>\n<td colspan=\"5\" valign=\"top\">Poniedzia\u0142ek, wtorek, \u015broda, czwartek, pi\u0105tek, niedziela &#8211; 7-9 lat bardziej zaawansowane p\u0142ywanie na samych nogach z deska<\/td>\n<td valign=\"top\"><span style=\"color: #000000; font-family: Helvetica Neue; font-size: small;\">18:00<\/span><\/td>\n<\/tr>\n<tr>\n<td valign=\"top\"><span style=\"color: #000000; font-family: Helvetica Neue; font-size: small;\">30\u2019<\/span><\/td>\n<td valign=\"top\"><span style=\"color: #000000; font-family: Helvetica Neue; font-size: small;\">Okonki<\/span><\/td>\n<td colspan=\"5\" valign=\"top\">Wtorek, czwartek, niedziela &#8211; 7-9 lat nauka pracy r\u0105k z desk\u0105 (dok\u0142adank\u0105 do stylu grzbiet, kraul)<\/td>\n<td valign=\"top\"><span style=\"color: #000000; font-family: Helvetica Neue; font-size: small;\">18:30<\/span><\/td>\n<\/tr>\n<tr>\n<td valign=\"top\"><span style=\"color: #000000; font-family: Helvetica Neue; font-size: small;\">45\u2019<\/span><\/td>\n<td valign=\"top\"><span style=\"color: #000000; font-family: Helvetica Neue; font-size: small;\">Szczupaki<\/span><\/td>\n<td colspan=\"5\" valign=\"top\">Poniedzia\u0142ek, wtorek, \u015broda, czwartek, pi\u0105tek, niedziela &#8211; 7-10 lat nauka techniki, p\u0142ywanie grzbiet i kraul, pocz\u0105tki do stylu klasycznego<\/td>\n<td valign=\"top\"><span style=\"color: #000000; font-family: Helvetica Neue; font-size: small;\">17:00 lub 17:30<\/span><\/td>\n<\/tr>\n<tr>\n<td valign=\"top\"><span style=\"color: #000000; font-family: Helvetica Neue; font-size: small;\">45\u2019<\/span><\/td>\n<td valign=\"top\"><span style=\"color: #000000; font-family: Helvetica Neue; font-size: small;\">Delfiny<\/span><\/td>\n<td colspan=\"5\" valign=\"top\">Poniedzia\u0142ek, wtorek, \u015broda, czwartek, pi\u0105tek, niedziela &#8211; 9-12 lat nauka p\u0142ywania delfinem plus dobrze opanowane 3 pozosta\u0142e style<\/td>\n<td valign=\"top\"><span style=\"color: #000000; font-family: Helvetica Neue; font-size: small;\">17:45 lub 18:15<\/span><\/td>\n<\/tr>\n<tr>\n<td valign=\"top\"><span style=\"color: #000000; font-family: Helvetica Neue; font-size: small;\">45\u2019<\/span><\/td>\n<td valign=\"top\"><span style=\"color: #000000; font-family: Helvetica Neue; font-size: small;\">Rekiny<\/span><\/td>\n<td colspan=\"5\" valign=\"top\">Poniedzia\u0142ek,wtorek, czwartek, niedziela &#8211; 11-15 lat; treningi p\u0142ywackie: p\u0142ywanie wszystkimi 4 stylami<\/td>\n<td valign=\"top\"><span style=\"color: #000000; font-family: Helvetica Neue; font-size: small;\">18:30 lub 19:00<\/span><\/td>\n<\/tr>\n<\/tbody>\n<\/table>\n<\/div><\/div><\/div><\/div><\/div><\/div><\/div><\/section><!-- Row Backgrounds --><div class=\"upb_color\" data-bg-override=\"0\" data-bg-color=\"\" data-fadeout=\"\" data-fadeout-percentage=\"30\" data-parallax-content=\"\" data-parallax-content-sense=\"30\" data-row-effect-mobile-disable=\"true\" data-img-parallax-mobile-disable=\"true\" data-rtl=\"false\"  data-custom-vc-row=\"\"  data-vc=\"6.7.0\"  data-is_old_vc=\"\"  data-theme-support=\"\"   data-overlay=\"false\" data-overlay-color=\"\" data-overlay-pattern=\"\" data-overlay-pattern-opacity=\"\" data-overlay-pattern-size=\"\"    ><\/div><section class=\"l-section wpb_row days height_medium\"><div class=\"l-section-h i-cf\"><div class=\"g-cols vc_row via_flex valign_top type_default stacking_default\"><div class=\"vc_col-sm-12 wpb_column vc_column_container\"><div class=\"vc_column-inner\"><div class=\"wpb_wrapper\"><div class=\"wpb_text_column\"><div class=\"wpb_wrapper\"><h3 style=\"text-align: center;\">Grafik zaj\u0119\u0107<img loading=\"lazy\" class=\"aligncenter wp-image-23583 size-full\" src=\"https:\/\/uksfala.com.pl\/szkola-plywania\/wp-content\/uploads\/2025\/08\/Grafik-20252026-3.jpg\" alt=\"\" width=\"1317\" height=\"618\" srcset=\"https:\/\/uksfala.com.pl\/szkola-plywania\/wp-content\/uploads\/2025\/08\/Grafik-20252026-3.jpg 1317w, https:\/\/uksfala.com.pl\/szkola-plywania\/wp-content\/uploads\/2025\/08\/Grafik-20252026-3-300x141.jpg 300w, https:\/\/uksfala.com.pl\/szkola-plywania\/wp-content\/uploads\/2025\/08\/Grafik-20252026-3-1024x481.jpg 1024w, https:\/\/uksfala.com.pl\/szkola-plywania\/wp-content\/uploads\/2025\/08\/Grafik-20252026-3-768x360.jpg 768w\" sizes=\"(max-width: 1317px) 100vw, 1317px\" \/><\/h3>\n<\/div><\/div><\/div><\/div><\/div><\/div><\/div><\/section><section class=\"l-section wpb_row height_auto\"><div class=\"l-section-h i-cf\"><div class=\"g-cols vc_row via_flex valign_top type_default stacking_default\"><div class=\"vc_col-sm-12 wpb_column vc_column_container\"><div class=\"vc_column-inner\"><div class=\"wpb_wrapper\"><div class=\"wpb_text_column\"><div class=\"wpb_wrapper\"><h2 style=\"text-align: center;\">Cennik zaj\u0119\u0107 za semestr zimowy<\/h2>\n<p style=\"text-align: center;\"><em>semestr zimowy: <strong>08.09.2025r &#8211; 16.01.2026r.<\/strong><\/em><\/p>\n<p style=\"text-align: center;\"><em>semestr letni: <strong>02.02.2026r. &#8211; 25.06.2026r.<\/strong><\/em><\/p>\n<\/div><\/div><div class=\"w-pricing style_cards items_2\"><div class=\"w-pricing-item type_default\"><div class=\"w-pricing-item-h\"><div class=\"w-pricing-item-header\"><div class=\"w-pricing-item-title\">1 raz w tygodniu (30 minut)<\/div><div class=\"w-pricing-item-price\">863-978 za semestr<small>15-17 zaj\u0119\u0107 w semestrze zimowym w zale\u017cno\u015bci od wybranego dnia<\/small><\/div><\/div><ul class=\"w-pricing-item-features\"><li class=\"w-pricing-item-feature\">Krewetki, Neonki, Koniki Morskie, P\u0142otki, Okonki<\/li><\/ul><div class=\"w-pricing-item-footer\"><a class=\"w-btn us-btn-style_3\" style=\"font-size:15px\" href=\"https:\/\/uksfala.com.pl\/szkola-plywania\/zgloszenie-do-szkoly-plywania\/\"><span class=\"w-btn-label\">Wy\u015blij zg\u0142oszenie<\/span><\/a><\/div><\/div><\/div><div class=\"w-pricing-item type_default\"><div class=\"w-pricing-item-h\"><div class=\"w-pricing-item-header\"><div class=\"w-pricing-item-title\">2 razy w tygodniu (2x30 minut)<\/div><div class=\"w-pricing-item-price\">1 650-1 870 z\u0142 za semestr<small>30-34 zaj\u0119cia w semestrze zimowym w zale\u017cno\u015bci od wybranych dni<\/small><\/div><\/div><ul class=\"w-pricing-item-features\"><li class=\"w-pricing-item-feature\">Krewetki, Koniki Morskie, P\u0142otki, Okonki<\/li><\/ul><div class=\"w-pricing-item-footer\"><a class=\"w-btn us-btn-style_3\" style=\"font-size:15px\" href=\"https:\/\/uksfala.com.pl\/szkola-plywania\/zgloszenie-do-szkoly-plywania\/\"><span class=\"w-btn-label\">Wy\u015blij zg\u0142oszenie<\/span><\/a><\/div><\/div><\/div><\/div><div class=\"w-pricing style_cards items_2\"><div class=\"w-pricing-item type_default\"><div class=\"w-pricing-item-h\"><div class=\"w-pricing-item-header\"><div class=\"w-pricing-item-title\">1 raz w tygodniu 45 minut<\/div><div class=\"w-pricing-item-price\">945-1 071 z\u0142 za semestr<small>15-17 zaj\u0119\u0107 w semestrze zimowym w zale\u017cno\u015bci od wybranego dnia<\/small><\/div><\/div><ul class=\"w-pricing-item-features\"><li class=\"w-pricing-item-feature\">Szczupaki, Delfiny, Rekiny<\/li><\/ul><div class=\"w-pricing-item-footer\"><a class=\"w-btn us-btn-style_3\" style=\"font-size:15px\" href=\"https:\/\/uksfala.com.pl\/szkola-plywania\/zgloszenie-do-szkoly-plywania\/\"><span class=\"w-btn-label\">Wy\u015blij zg\u0142oszenie<\/span><\/a><\/div><\/div><\/div><div class=\"w-pricing-item type_default\"><div class=\"w-pricing-item-h\"><div class=\"w-pricing-item-header\"><div class=\"w-pricing-item-title\">2 razy w tygodniu (2X45 min)<\/div><div class=\"w-pricing-item-price\">1 800-2 040 z\u0142 za semestr<small>30-34 zaj\u0119cia w semestrze zimowym w zale\u017cno\u015bci od wybranych dni<\/small><\/div><\/div><ul class=\"w-pricing-item-features\"><li class=\"w-pricing-item-feature\">Szczupaki, Delfiny, Rekiny<\/li><\/ul><div class=\"w-pricing-item-footer\"><a class=\"w-btn us-btn-style_3\" style=\"font-size:15px\" href=\"https:\/\/uksfala.com.pl\/szkola-plywania\/zgloszenie-do-szkoly-plywania\/\"><span class=\"w-btn-label\">Wy\u015blij zg\u0142oszenie<\/span><\/a><\/div><\/div><\/div><\/div><div class=\"w-pricing style_cards items_2\"><div class=\"w-pricing-item type_default\"><div class=\"w-pricing-item-h\"><div class=\"w-pricing-item-header\"><div class=\"w-pricing-item-title\">1 raz w tygodniu 60 minut<\/div><div class=\"w-pricing-item-price\">105 z\u0142 za 1 zaj\u0119cia<small>op\u0142ata miesi\u0119czna z g\u00f3ry<\/small><\/div><\/div><ul class=\"w-pricing-item-features\"><li class=\"w-pricing-item-feature\">MASTERS <\/li><li class=\"w-pricing-item-feature\">(grupa max 5 os\u00f3b)<\/li><\/ul><div class=\"w-pricing-item-footer\"><a class=\"w-btn us-btn-style_3\" style=\"font-size:15px\" href=\"https:\/\/uksfala.com.pl\/szkola-plywania\/zgloszenie-do-szkoly-plywania\/\"><span class=\"w-btn-label\">Wy\u015blij zg\u0142oszenie<\/span><\/a><\/div><\/div><\/div><div class=\"w-pricing-item type_default\"><div class=\"w-pricing-item-h\"><div class=\"w-pricing-item-header\"><div class=\"w-pricing-item-title\">2 razy w tygodniu (2X60 min)<\/div><div class=\"w-pricing-item-price\">100 z\u0142 za 1 zaj\u0119cia<small>op\u0142ata miesi\u0119czna z g\u00f3ry<\/small><\/div><\/div><ul class=\"w-pricing-item-features\"><li class=\"w-pricing-item-feature\">MASTERS <\/li><li class=\"w-pricing-item-feature\">(grupa max 5 os\u00f3b)<\/li><\/ul><div class=\"w-pricing-item-footer\"><a class=\"w-btn us-btn-style_3\" style=\"font-size:15px\" href=\"https:\/\/uksfala.com.pl\/szkola-plywania\/zgloszenie-do-szkoly-plywania\/\"><span class=\"w-btn-label\">Wy\u015blij zg\u0142oszenie<\/span><\/a><\/div><\/div><\/div><\/div><div class=\"wpb_text_column\"><div class=\"wpb_wrapper\"><h3><\/h3>\n<h3 style=\"text-align: center;\">P\u0142atno\u015bci i odrabianie zaj\u0119\u0107<\/h3>\n<p>P\u0142atno\u015bci za szkolenie dokonuje si\u0119 za ca\u0142y semestr zaj\u0119\u0107 z g\u00f3ry. P\u0142atno\u015b\u0107 mo\u017ce zosta\u0107 roz\u0142o\u017cona na raty na pro\u015bb\u0119 rodzica. Pierwsza rata jest p\u0142atna wraz z zapisem.<\/p>\n<p style=\"text-align: center;\">*Dla m\u0142odszego rodze\u0144stwa mamy 10% zni\u017cki!<\/p>\n<h3 style=\"text-align: center;\">Nieobecno\u015bci<\/h3>\n<p>Nieobecno\u015bci mo\u017cna odrabia\u0107, je\u015bli zosta\u0142y zg\u0142oszone e-mailem. Uczestnik mo\u017ce odrobi\u0107 wszystkie zaj\u0119cia, w kt\u00f3rych nie m\u00f3g\u0142 uczestniczy\u0107 z wa\u017cnych przyczyn na podstawie za\u015bwiadczenia lekarskiego. W innych przypadkach Uczestnik mo\u017ce odrobi\u0107 1 tydzie\u0144 nieobecno\u015bci w miesi\u0105cu. Zaj\u0119cia odpracowujemy podczas innych godzin pracy szk\u00f3\u0142ki po wcze\u015bniejszej konsultacji. Nie przewidujemy zwrotu koszt\u00f3w za nieobecno\u015bci. Na odrobienie zaj\u0119\u0107 Uczestnicy maj\u0105 czas do ko\u0144ca trwania Umowy.<\/p>\n<p style=\"text-align: center;\"><em>Nieobecno\u015bci nale\u017cy zg\u0142osi\u0107 w aplikacji, do kt\u00f3rej link otrzymuj\u0105 rodzice po zapisie dziecka na zaj\u0119cia.<\/em><\/p>\n<\/div><\/div><div class=\"w-separator size_medium\"><\/div><div class=\"wpb_text_column\"><div class=\"wpb_wrapper\"><h3 style=\"text-align: center;\">Zapisy<\/h3>\n<p style=\"text-align: center;\">Zapisy przyjmujemy drog\u0105 mailow\u0105: <a href=\"mailto:biuro@uksfala.com.pl\">biuro@uksfala.com.pl<\/a> lub przez formularz na stronie.<\/p>\n<\/div><\/div><div class=\"w-btn-wrapper align_none\"><a class=\"w-btn us-btn-style_3 us_custom_a5c88937\" href=\"https:\/\/uksfala.com.pl\/szkola-plywania\/zgloszenie-do-szkoly-plywania\/\"><span class=\"w-btn-label\">Zapisz si\u0119 online<\/span><\/a><\/div><div class=\"wpb_text_column us_custom_0f8f44b7\"><div class=\"wpb_wrapper\"><h3 style=\"text-align: center;\">Dane do przelewu:<\/h3>\n<p style=\"text-align: center;\"><strong>UKS Fala Niepor\u0119t<\/strong><br \/>\nul. Koncertowa 4, Stanis\u0142aw\u00f3w Pierwszy<br \/>\n05-126 Niepor\u0119t<br \/>\nnumer konta: 32 1090 1014 0000 0001 4795 8889<\/p>\n<\/div><\/div><div class=\"w-separator size_medium\"><\/div><\/div><\/div><\/div><\/div><\/div><\/section>\n","protected":false},"excerpt":{"rendered":"Szko\u0142a p\u0142ywaniaStrona g\u0142\u00f3wnachevron_rightStronyInformacje og\u00f3lne P\u0142ywanie to nasza pasja! Mimo \u017ce brzmi jak bana\u0142 i wszyscy tak m\u00f3wi\u0105, to u nas naprawd\u0119 mo\u017cna poczu\u0107 to na w\u0142asnej sk\u00f3rze! Zaj\u0119cia w grupach zaczynamy od 8 wrze\u015bnia 2025r. Jak wybra\u0107 grup\u0119? W pierwszej kolejno\u015bci wybierz grup\u0119 zgodnie z wiekiem swojego dziecka, zadzwonimy do Ciebie i na podstawie wywiadu...","protected":false},"author":2,"featured_media":0,"parent":0,"menu_order":0,"comment_status":"closed","ping_status":"closed","template":"","meta":{"inline_featured_image":false},"_links":{"self":[{"href":"https:\/\/uksfala.com.pl\/szkola-plywania\/wp-json\/wp\/v2\/pages\/25"}],"collection":[{"href":"https:\/\/uksfala.com.pl\/szkola-plywania\/wp-json\/wp\/v2\/pages"}],"about":[{"href":"https:\/\/uksfala.com.pl\/szkola-plywania\/wp-json\/wp\/v2\/types\/page"}],"author":[{"embeddable":true,"href":"https:\/\/uksfala.com.pl\/szkola-plywania\/wp-json\/wp\/v2\/users\/2"}],"replies":[{"embeddable":true,"href":"https:\/\/uksfala.com.pl\/szkola-plywania\/wp-json\/wp\/v2\/comments?post=25"}],"version-history":[{"count":243,"href":"https:\/\/uksfala.com.pl\/szkola-plywania\/wp-json\/wp\/v2\/pages\/25\/revisions"}],"predecessor-version":[{"id":23585,"href":"https:\/\/uksfala.com.pl\/szkola-plywania\/wp-json\/wp\/v2\/pages\/25\/revisions\/23585"}],"wp:attachment":[{"href":"https:\/\/uksfala.com.pl\/szkola-plywania\/wp-json\/wp\/v2\/media?parent=25"}],"curies":[{"name":"wp","href":"https:\/\/api.w.org\/{rel}","templated":true}]}}