{"id":22847,"date":"2019-04-03T14:17:40","date_gmt":"2019-04-03T14:17:40","guid":{"rendered":"http:\/\/falasport.pl\/?page_id=22847"},"modified":"2019-04-03T15:22:41","modified_gmt":"2019-04-03T15:22:41","slug":"zgloszenie-do-szkoly-plywania","status":"publish","type":"page","link":"https:\/\/uksfala.com.pl\/szkola-plywania\/zgloszenie-do-szkoly-plywania\/","title":{"rendered":"Zg\u0142oszenie do szko\u0142y p\u0142ywania"},"content":{"rendered":"<section class=\"l-section wpb_row height_medium\"><div class=\"l-section-h i-cf\"><div class=\"g-cols vc_row via_flex valign_top type_default stacking_default\"><div class=\"vc_col-sm-2 wpb_column vc_column_container\"><div class=\"vc_column-inner\"><div class=\"wpb_wrapper\"><\/div><\/div><\/div><div class=\"vc_col-sm-8 wpb_column vc_column_container\"><div class=\"vc_column-inner\"><div class=\"wpb_wrapper\"><div class=\"wpb_text_column\"><div class=\"wpb_wrapper\"><p>Je\u017celi chcesz zapisa\u0107 si\u0119 na zaj\u0119cia naszej szko\u0142y p\u0142ywania zg\u0142o\u015b to w poni\u017cszym formularzu:<\/p>\n<div role=\"form\" class=\"wpcf7\" id=\"wpcf7-f22849-o1\" lang=\"pl-PL\" dir=\"ltr\">\n<div class=\"screen-reader-response\"><p role=\"status\" aria-live=\"polite\" aria-atomic=\"true\"><\/p> <ul><\/ul><\/div>\n<form action=\"\/szkola-plywania\/wp-json\/wp\/v2\/pages\/22847#wpcf7-f22849-o1\" method=\"post\" class=\"wpcf7-form init\" novalidate=\"novalidate\" data-status=\"init\">\n<div style=\"display: none;\">\n<input type=\"hidden\" name=\"_wpcf7\" value=\"22849\" \/>\n<input type=\"hidden\" name=\"_wpcf7_version\" value=\"5.4.2\" \/>\n<input type=\"hidden\" name=\"_wpcf7_locale\" value=\"pl_PL\" \/>\n<input type=\"hidden\" name=\"_wpcf7_unit_tag\" value=\"wpcf7-f22849-o1\" \/>\n<input type=\"hidden\" name=\"_wpcf7_container_post\" value=\"0\" \/>\n<input type=\"hidden\" name=\"_wpcf7_posted_data_hash\" value=\"\" \/>\n<input type=\"hidden\" name=\"_wpcf7_recaptcha_response\" value=\"\" \/>\n<\/div>\n<p><label> Imi\u0119 i nazwisko rodzica dziecka (wymagane)<br \/>\n    <span class=\"wpcf7-form-control-wrap text-622\"><input type=\"text\" name=\"text-622\" value=\"\" size=\"40\" class=\"wpcf7-form-control wpcf7-text wpcf7-validates-as-required\" aria-required=\"true\" aria-invalid=\"false\" \/><\/span> <\/label><br \/>\n<label> Imi\u0119 i nazwisko dziecka (wymagane)<br \/>\n<span class=\"wpcf7-form-control-wrap text-623\"><input type=\"text\" name=\"text-623\" value=\"\" size=\"40\" class=\"wpcf7-form-control wpcf7-text wpcf7-validates-as-required\" aria-required=\"true\" aria-invalid=\"false\" \/><\/span><\/label><br \/>\n<label> Kontaktowy adres email (wymagane)<br \/>\n    <span class=\"wpcf7-form-control-wrap your-email\"><input type=\"email\" name=\"your-email\" value=\"\" size=\"40\" class=\"wpcf7-form-control wpcf7-text wpcf7-email wpcf7-validates-as-required wpcf7-validates-as-email\" aria-required=\"true\" aria-invalid=\"false\" \/><\/span> <\/label><br \/>\n<label> Kontaktowy numer telefonu (wymagane)<br \/>\n    <span class=\"wpcf7-form-control-wrap tel-615\"><input type=\"tel\" name=\"tel-615\" value=\"\" size=\"40\" class=\"wpcf7-form-control wpcf7-text wpcf7-tel wpcf7-validates-as-required wpcf7-validates-as-tel\" aria-required=\"true\" aria-invalid=\"false\" \/><\/span> <\/label><br \/>\n<label> Wiek dziecka<span class=\"wpcf7-form-control-wrap menu-848\"><select name=\"menu-848\" class=\"wpcf7-form-control wpcf7-select wpcf7-validates-as-required\" aria-required=\"true\" aria-invalid=\"false\"><option value=\"4 lata\">4 lata<\/option><option value=\"5 lat\">5 lat<\/option><option value=\"6 lat\">6 lat<\/option><option value=\"7 lat\">7 lat<\/option><option value=\"8 lat\">8 lat<\/option><option value=\"9 lat\">9 lat<\/option><option value=\"10 lat\">10 lat<\/option><option value=\"11 lat\">11 lat<\/option><option value=\"12 lat\">12 lat<\/option><option value=\"13 lat\">13 lat<\/option><option value=\"14 lat\">14 lat<\/option><option value=\"15 lat\">15 lat<\/option><\/select><\/span> <\/label><br \/>\n<label> Deklarowana ilo\u015b\u0107 zaj\u0119\u0107 w tygodniu <span class=\"wpcf7-form-control-wrap menu-425\"><select name=\"menu-425\" class=\"wpcf7-form-control wpcf7-select\" aria-invalid=\"false\"><option value=\"1 raz w tygodniu\">1 raz w tygodniu<\/option><option value=\"2 razy w tygodniu\">2 razy w tygodniu<\/option><option value=\"3 razy w tygodniu\">3 razy w tygodniu<\/option><option value=\"wi\u0119cej\">wi\u0119cej<\/option><\/select><\/span><\/label><br \/>\n<label> Wpisz preferowane dni tygodnia oddzielaj\u0105c je przecinkami (wymagane)<br \/>\n<span class=\"wpcf7-form-control-wrap text-168\"><input type=\"text\" name=\"text-168\" value=\"\" size=\"40\" class=\"wpcf7-form-control wpcf7-text wpcf7-validates-as-required\" aria-required=\"true\" aria-invalid=\"false\" \/><\/span><\/label><br \/>\n<label> Wybierz grup\u0119 <\/label><br \/>\n<span class=\"wpcf7-form-control-wrap menu-702\"><select name=\"menu-702\" class=\"wpcf7-form-control wpcf7-select wpcf7-validates-as-required\" aria-required=\"true\" aria-invalid=\"false\"><option value=\"Krewetki 4-5 lat\">Krewetki 4-5 lat<\/option><option value=\"Koniki morskie 5-7 lat\">Koniki morskie 5-7 lat<\/option><option value=\"P\u0142otki 6-8 lat\">P\u0142otki 6-8 lat<\/option><option value=\"Okonki 7-9 lat\">Okonki 7-9 lat<\/option><option value=\"Szczupaki 7-10 lat\">Szczupaki 7-10 lat<\/option><option value=\"Delfiny 9-12 lat\">Delfiny 9-12 lat<\/option><option value=\"Rekiny 12-15 lat\">Rekiny 12-15 lat<\/option><option value=\"Masters\">Masters<\/option><\/select><\/span><\/p>\n<p><input type=\"submit\" value=\"Wy\u015blij zg\u0142oszenie\" class=\"wpcf7-form-control wpcf7-submit\" \/><\/p>\n<div class=\"wpcf7-response-output\" aria-hidden=\"true\"><\/div><\/form><\/div>\n<\/div><\/div><\/div><\/div><\/div><div class=\"vc_col-sm-2 wpb_column vc_column_container\"><div class=\"vc_column-inner\"><div class=\"wpb_wrapper\"><\/div><\/div><\/div><\/div><\/div><\/section>\n","protected":false},"excerpt":{"rendered":"Je\u017celi chcesz zapisa\u0107 si\u0119 na zaj\u0119cia naszej szko\u0142y p\u0142ywania zg\u0142o\u015b to w poni\u017cszym formularzu: Imi\u0119 i nazwisko rodzica dziecka (wymagane) Imi\u0119 i nazwisko dziecka (wymagane) Kontaktowy adres email (wymagane) Kontaktowy numer telefonu (wymagane) Wiek dziecka4 lata5 lat6 lat7 lat8 lat9 lat10 lat11 lat12 lat13 lat14 lat15 lat Deklarowana ilo\u015b\u0107 zaj\u0119\u0107 w tygodniu 1 raz w...","protected":false},"author":3,"featured_media":0,"parent":0,"menu_order":0,"comment_status":"closed","ping_status":"closed","template":"","meta":{"inline_featured_image":false},"_links":{"self":[{"href":"https:\/\/uksfala.com.pl\/szkola-plywania\/wp-json\/wp\/v2\/pages\/22847"}],"collection":[{"href":"https:\/\/uksfala.com.pl\/szkola-plywania\/wp-json\/wp\/v2\/pages"}],"about":[{"href":"https:\/\/uksfala.com.pl\/szkola-plywania\/wp-json\/wp\/v2\/types\/page"}],"author":[{"embeddable":true,"href":"https:\/\/uksfala.com.pl\/szkola-plywania\/wp-json\/wp\/v2\/users\/3"}],"replies":[{"embeddable":true,"href":"https:\/\/uksfala.com.pl\/szkola-plywania\/wp-json\/wp\/v2\/comments?post=22847"}],"version-history":[{"count":3,"href":"https:\/\/uksfala.com.pl\/szkola-plywania\/wp-json\/wp\/v2\/pages\/22847\/revisions"}],"predecessor-version":[{"id":22853,"href":"https:\/\/uksfala.com.pl\/szkola-plywania\/wp-json\/wp\/v2\/pages\/22847\/revisions\/22853"}],"wp:attachment":[{"href":"https:\/\/uksfala.com.pl\/szkola-plywania\/wp-json\/wp\/v2\/media?parent=22847"}],"curies":[{"name":"wp","href":"https:\/\/api.w.org\/{rel}","templated":true}]}}